e j(h).
-7
Suppose -3*y + 8 = -2*p - 7, -10 = -2*y. Suppose 4*z - 8 = -2*d, 3*d = 4*z - z + 3. Let v(b) = b + d + b + p*b. Calculate v(-3).
-4
Let a(w) = -w**3 - 12*w - 5*w + 10 + 11*w - 8*w**2. Give a(-7).
3
Suppose -26*y + 6*y = 100. Let l(s) = -1 + 7*s - s - s. Let u(t) = 4*t - 2. Let h(c) = -3*l(c) + 4*u(c). Determine h(y).
-10
Let m be 1 - (-2 - (1 + -2)). Let x(s) = -3*s - s + m*s**2 - 7*s**2 + s**3 + 5 - 2*s**3. Calculate x(-4).
5
Let l(b) = -b - 2. Let u(s) = -1. Let m(k) = -l(k) + 4*u(k). Give m(2).
0
Suppose -2*c - g + 3 = 0, c - 5*g - 19 = -2*g. Let t(x) = -x**2 + 3*x - 4. Calculate t(c).
-8
Let q(n) = 3*n - 6. Suppose -5*x - 3*g = -33, 0 + 17 = 2*x + 5*g. Calculate q(x).
12
Let u(m) = -5. Let n(f) = f - 1. Let t(k) = -k**2 - 5*k - 5. Let i be t(-4). Let r(s) = i*u(s) + 5*n(s). Give r(-2).
-10
Let h be -1 + 2 - (-25)/5. Let g(n) = n**3 - 7*n**2 + 7*n - 6. Let p be g(h). Suppose z - 1 - 1 = p. Let o(l) = -2*l**3 + 3*l**2 - 1. Give o(z).
-5
Let n(h) = -5*h - 37. Let p(j) = j + 7. Let l(d) = 2*n(d) + 11*p(d). Calculate l(-6).
-3
Let x(i) = 5*i**3 - i**2 + i - 1. Suppose -4*v = -3*d + 23, -3*d - 2 = 5*v + 20. Suppose 2*r + m - 6 = 0, -2*m = 6*r - r - 14. Let k = r - d. Give x(k).
4
Let r(b) = 189 - 94 + b - 96. Give r(5).
4
Let c(a) = -a**3 + 9*a**2 - 10*a + 10. Let t be c(8). Let m(y) = 5*y - 6. Let s(v) = 4*v - 5. Let i(d) = t*s(d) + 5*m(d). Give i(3).
3
Let x(q) = q - 4. Let y be x(7). Let r(j) = -1 - y*j + 13*j - 3*j. Suppose 3*z - 2 = 5*z. Calculate r(z).
-8
Let s(d) be the second derivative of -5*d**4/12 + 9*d**2/2 - d. Let q(g) = 4*g**2 - g - 8. Let o(k) = 4*q(k) + 3*s(k). Give o(6).
7
Suppose 9*b = -r + 10*b - 3, 0 = -4*r - 5*b + 15. Let f(x) be the third derivative of -1/60*x**5 - 1/2*x**3 + 0 + r*x + x**2 - 1/4*x**4. Calculate f(-4).
5
Let y(h) = h**3 - 6*h**2 + 4*h - 3. Let w(g) = -g**3 + g**2 + g + 2. Let x be w(0). Give y(x).
-11
Let d(j) = -5*j**2 + 6*j + 3. Let g(r) = 11*r**2 - 12*r - 6. Let u(p) = 13*d(p) + 6*g(p). Determine u(-6).
3
Let a(f) = f + 8. Let t be a(-6). Suppose -t*u - 8 = -0*u. Let b(v) = -v - 1. Calculate b(u).
3
Suppose -r - r - w - 3 = 0, -15 = -5*r + 5*w. Suppose 5*p + 8 = p - 4*g, 5*p + 4*g + 7 = r. Let c(b) = 3*b**2 - b. What is c(p)?
2
Let o(v) be the first derivative of -v**3/3 + 2*v**2 + 2*v - 17. Suppose 0 = -2*z + 7*z - 20. Determine o(z).
2
Let d(k) = k + 0*k**3 - 1 + 8*k**3 - 7*k**3 - 8*k**2. Give d(8).
7
Let q(x) = 1. Let w(y) = y - 37. Let p(b) = 5*q(b) + w(b). Determine p(0).
-32
Let p(z) = z**2 - 7*z + 5. Let b(r) = -3*r**2 + 7*r - 7. Let j(u) = -u**2 - 1. Let c(y) = b(y) - 2*j(y). Let i(k) = 5*c(k) + 6*p(k). Determine i(5).
-5
Let v(o) = o. Let n = -22 + -6. Let f be (n/(-21))/(2/(-9)). Give v(f).
-6
Let m(b) = 12*b**3 + 2*b**2 - 1. Let c be m(-1). Let l be (4 + c)*12/(-14). Let t(w) = w**3 - 6*w**2 + 4. Give t(l).
4
Let v(y) be the first derivative of y**6/180 - y**5/24 - y**4/12 + 7*y**3/3 + 2. Let z(c) be the third derivative of v(c). What is z(4)?
10
Suppose -4*m + 0*m - 3*s = 9, 4*s = 5*m + 50. Let q = m + 2. Let g(p) = p**3 + 4*p**2 - 4. Let v be g(q). Let y(u) = u**2 + 2*u - 2. Determine y(v).
6
Let z(t) = t. Let m be (-185)/10 + 1/2. Suppose d = -4*d - 65. Let j = d - m. What is z(j)?
5
Let h be -3 - (-1 - (1 - -5)). Let l(q) = -q**3 - 2*q + 4. Let r(v) = v**3 - v**2 + v - 3. Let m(k) = -2*l(k) - 3*r(k). Calculate m(h).
-11
Let q = 12 - 12. Let g(b) = -1 + 6 - 4 + q*b**2 - 4*b + b**2. Let u = -6 + 8. What is g(u)?
-3
Let a(n) = n**3 - 5*n**2 + 4*n - 4. Suppose 3*u = 8*u - 20. Let x be a(u). Let p(m) = 4*m + m**2 + 3 - 3*m**2 + 3*m**2. Determine p(x).
3
Let f(g) be the second derivative of -g**5/20 + 5*g**4/12 - g**3/2 + 7*g**2/2 + g. Suppose -5*i - 4*u - 4 = -17, -3*u - 9 = 0. Calculate f(i).
-8
Suppose 0 = 3*y - 4*b + 7, y + 3*y = -2*b - 2. Let x = -4 - y. Let k(f) be the third derivative of f**4/24 + f**3/3 - 3*f**2. Determine k(x).
-1
Let u(q) = 10 - 2 - 2 - 10*q + 4*q - q**2. Give u(-5).
11
Let t(w) = 4*w**3 - 1. Suppose -28*x = -25*x + 3. What is t(x)?
-5
Let r(d) = -1 + d**3 - 3*d + 5*d - 5*d**2 + 3. Suppose 5*q + 11 = -14, a + 21 = -5*q. What is r(a)?
-6
Let q be 6/(-6)*(-2 + 0). Let r(s) = -7*s**3 + 0*s**2 + s + q*s**3 + 2*s**2. Let a(f) = -f - 2. Let g be a(-1). Determine r(g).
6
Let t(u) = -4*u - 4. Let j(z) = -z**2 - 5*z + 18. Let y be j(-8). Determine t(y).
20
Let m(p) = -4*p**2 - 7 + 8 + 5*p - 6 + 3*p**2. What is m(5)?
-5
Let z = 3 + -4. Let c(g) = 6*g**2 - 1. What is c(z)?
5
Let p(b) be the third derivative of -b**6/720 - b**5/10 - b**4/12 - 2*b**2. Let o(x) be the second derivative of p(x). Let y = -242 - -236. Give o(y).
-6
Let g(s) = -s**2 - 3*s - 2. Suppose 0 = -4*o + 3*d + 12, 3*o + 12 = -d - 2*d. Suppose -3*z + 26 = -2*p, 18 = 2*z - o*z - 2*p. Suppose -y = -3*y - z. Give g(y).
-6
Let s(y) = -2 + 4*y**2 - 3*y**2 - 2*y - 2. Suppose -5*l = 2*q, -l = -q + 2*q. Suppose q = 2*r - 3*r + 3. Give s(r).
-1
Let q(u) = u**3 + 4 + 4*u**2 - 4*u**2. Suppose -20*d + 15*d = 0. What is q(d)?
4
Let v(y) = -y**3 + 6*y**2 - 6. Let j be v(6). Let p(t) = t**3 + 0 + 5*t**2 + 4 - 3 - 6*t. Let r be p(j). Let u(m) = -8*m + 1. What is u(r)?
-7
Suppose 4*q - 6 = -4*i - 2, 0 = -2*i - 3*q. Let s(p) = -1 + 11 + p**2 - 6*p - i. Let l = -10 - -15. Determine s(l).
2
Let x be 12*1/(-4)*-3. Let t = x + -7. Let k(z) = z**2 + 1. Determine k(t).
5
Let q(h) = 2*h - 5. Let g be (54/(-12))/(2/(-12)). Suppose 3*m - 5 = 4*f + 1, -3*f + g = 3*m. Determine q(m).
7
Let w(m) = -m - 1. Suppose 2*r + 4 = -10. Give w(r).
6
Let c be (-5)/4*(-1 - -5). Let h(k) = -8*k + 7. Let a(w) = -9*w + 7. Let q(u) = 5*a(u) - 6*h(u). Let p(y) = 3*y - 6. Let b(o) = c*p(o) + 4*q(o). Calculate b(3).
-7
Let n(z) = z**2 - 6*z + 5. Let o = 8 + -18. Let y be (0 - -1)/((-2)/o). What is n(y)?
0
Let h(m) = -m**2 - 6*m - 4. Let f be h(-5). Let r(v) = -2*v - 4*v + 3*v + f + v**2. Suppose 25 = 5*y - l + 5*l, 3*y - 15 = 3*l. Determine r(y).
11
Let a(q) = q**3 + q**2 - q - 15. Let w be a(0). Let n = 15 + w. Let p(d) = d**2 + d + 3. Calculate p(n).
3
Let j(d) = 5 - 2*d**3 - 6*d**3 + 0 + 7*d**3 - 3*d + 4*d**2. Determine j(4).
-7
Let t(d) = d - 2. Suppose -r - 1 = 3*s, 0 = s - r - r + 12. Let j = s + 5. Suppose h = -2*a - h, a = -2*h - j. Determine t(a).
1
Suppose -4*w - 3 = 1. Let y(z) be the second derivative of -2*z**3/3 - z**2/2 + z. Calculate y(w).
3
Let r = 1 - 6. Let d(f) be the third derivative of f**5/60 + f**4/4 + 2*f**3/3 + 5*f**2. Let b(u) be the first derivative of d(u). What is b(r)?
-4
Let v = 8 + -6. Let s(k) = 0*k**2 + 7*k**3 + k**3 - 2*k + 0*k**v - 1. Calculate s(-1).
-7
Suppose -3*x + 0*x - 19 = -2*l, -5*x - 29 = -2*l. Suppose 3 = -y - l*y. Let v(n) = 3*n**3 + n**2. Calculate v(y).
-2
Let k(u) = u**3 + 7*u**2 + 6*u + 3. Suppose 4*s + 58 - 34 = 0. Calculate k(s).
3
Let i(a) be the third derivative of 0 + 0*a - a**3 + 1/60*a**5 - 1/120*a**6 - 3*a**2 - 1/24*a**4. Let k(r) = -r**2 - 5*r. Let t be k(-5). Calculate i(t).
-6
Let k(u) = u**2 - u - 3. Let c be 32/(-14) - 6/(-21). Let q = c + 7. Suppose 25 = d + q*y, 2*d - 4*y + 19 = -1. Calculate k(d).
-3
Let m(v) = 3*v**2 + v. Suppose 0 = -2*o - 5*i + 2, -i - i + 5 = 5*o. Give m(o).
4
Let h(s) be the third derivative of -s**5/60 + s**4/12 + 4*s**2. Determine h(3).
-3
Let a(w) be the second derivative of w**5/20 - w**4/12 + w**3/6 + 9*w**2 - 10*w. Give a(0).
18
Suppose -x = 3*x - 20, 2*u = -3*x + 5. Let f(o) = 2*o + 1. Determine f(u).
-9
Let z(r) = r**2 + 11. Let h(p) = 2*p. Let n(k) = 3*k + 1. Let f(c) = -4*h(c) + 3*n(c). Let u be f(-3). Give z(u).
11
Let b(p) = -p**3 - 6*p**2 + 6*p - 6. Suppose 4*y + 5*y + 63 = 0. Determine b(y).
1
Let f(z) = -4*z**2 + 5*z - 2. Let p(x) = 5*x - 2*x**2 - 1 - 3*x**2 + 0 + 0. Let a(b) = -4*f(b) + 3*p(b). What is a(4)?
1
Let g be 15*1*2/5. Let f = -4 + g. Let r(c) = 6*c**f - c + 6*c - 2 - 5*c**2 + 0. Determine r(-4).
-6
Let f(h) = 3*h**2 + 3*h + 1. Let j be ((-55)/25 + 3)*10/(-4). Calculate f(j).
7
Let r = -5 + 4. Let c(a) = -a - 1. Let o(q) = -4*q - 1. Let y(d) = r*o(d) + 3*c(d). Let p = 5 - -1. What is y(p)?
4
Let s(i) = -4*i + 2. Let o(z) = 21*z - 11. Let u(k) = 4*o(k) + 22*s(k). Give u(2).
-8
Let g(q) = q**2 - 4*q - 3. Let m be g(6). Let s(z) = z + 10*z + 2 - m*z. Give s(-2).
-2
Suppose 0 = 4*g - 16, -3*g + 42 = n + 4*n. Let p(a) = -a**2 + 7*a - 